8. Let t = 3 - b. Let u(f) = t*f + 2*f - 4*f. What is u(4)?
12
Suppose 0*r = -3*r + 15. Let n(m) = 6*m**2 - 4*m + 0*m**3 - 4 - m**3 + 0*m**3. Give n(r).
1
Let m(c) = -c + 1. Let b be m(-2). Let p(v) = -2*v - 2 - v**b + 5*v**2 - 2*v**2 - 6*v**2. What is p(-2)?
-2
Let x(a) = a**3 + 19*a**2 - 44*a - 35. Let y be x(-21). Let w(q) = -q + 4. Give w(y).
-3
Let l(u) be the third derivative of u**4/6 - u**3 - 12*u**2. Determine l(4).
10
Let i(t) = -2*t + 8. Let s be 3/3 + 2 + 1. Let h be i(s). Let o(z) = -z - 3. What is o(h)?
-3
Let a(l) = l**3 - l - 6. Suppose 4*q + 31 = -5*z + 6, q - 4*z = 20. Let r(x) = x. Let i be r(q). Give a(i).
-6
Suppose -p - 1 = -5. Let q(x) = -2*x + 2. Give q(p).
-6
Suppose 6*m - m = 10. Let q(b) = 2*b**2 - 4*b + 3. Let k be q(m). Let v(g) = -4 - 3*g + 2*g + 3*g. Give v(k).
2
Let z(p) = -2*p - 1. Let h(a) = -11*a - 5. Let w(x) = -6*h(x) + 34*z(x). Calculate w(-4).
4
Let j(d) = -4*d**3 - d. Let v be j(-1). Let c(m) = m + 1. Let x(q) = -2*q - 2. Let s(l) = 3*c(l) + x(l). What is s(v)?
6
Let o(g) = 0*g - 3*g**2 + 0*g - 4*g + 4*g**2. Let n(d) = -d - 1 - 2 + 0. Let j be n(-7). Give o(j).
0
Let t(q) = 6*q**2 - 5 + 2 + 2 - 2*q. Suppose 0 = -5*c - i - 1 - 9, -2*c + 3*i + 13 = 0. Give t(c).
7
Let g(b) = 11*b**2 + 1. Let d be g(-1). Let a = -4 + 8. Suppose 4*t = d + a. Let p(l) = -2*l + 1. Calculate p(t).
-7
Let s be (48/32)/(1/2). Let k(l) = -l + 4. Determine k(s).
1
Let n(o) = 2*o + o + 3 - 3. What is n(3)?
9
Let m(l) = l + 5. Let r(t) = 1. Let x(p) = p**3 - 5*p**2 + 3*p + 2. Let d be x(4). Let q(u) = d*r(u) + m(u). Calculate q(-5).
-2
Let r(m) = -m + 2. Let j(w) = -w**2 + 4*w + 4. Let k be j(4). Give r(k).
-2
Let h(s) be the first derivative of -s**4/4 + 2*s**3/3 + 4. Let c(o) = o + 3. Let f be c(-7). Let w be (f/5)/(2/(-5)). Calculate h(w).
0
Suppose 4 = 4*q - 8*q. Let n(y) = -4*y**2 - y - 1. Let t be n(q). Let a(b) = -b**3 - 5*b**2 - 3*b. What is a(t)?
-4
Let u = 14 + -12. Suppose u*n - 10 = 0, 2*c = -3*c - 2*n + 30. Let w(d) = -d**3 + 5*d**2 - 5*d + 6. Determine w(c).
2
Let m(t) = t**3 + t**2 + t - 1. Let p = 77 + -79. Determine m(p).
-7
Let w(k) = k**3 - 4*k**2 - 5*k + 2. Let n = 14 - 9. Give w(n).
2
Let z(m) be the second derivative of -1/2*m**2 + 5/6*m**3 + 0 + 1/12*m**4 - 5*m. Suppose 5*n = -26 + 1. Calculate z(n).
-1
Let d(k) = 4 + 0 + k**3 - k - k + k**2. Suppose -1 = -2*t - 4*a - 3, 0 = -4*t + a - 13. Determine d(t).
-8
Let r(w) be the third derivative of w**6/120 + w**5/12 - 7*w**4/24 + 2*w**3/3 + 5*w**2. Calculate r(-6).
10
Let b(n) = -n**2 - 2. Let s be ((-4)/(-3))/(2/3). Suppose 4*x = s*f - 12, 0*f = -2*f + x + 6. Calculate b(f).
-6
Let v(g) = g**2 - 3*g. Let t(i) = -i**3 - 10*i**2 + 3. Let n be t(-10). Suppose 3*w - n = 2*w. What is v(w)?
0
Suppose 2*h + 0 = 6. Let y(u) = -u**2 + 4. Determine y(h).
-5
Let p(m) = -4*m - 4 - 19*m**2 + 20*m**2 - 6*m + 0*m. Let t be p(10). Let i(x) be the third derivative of x**5/60 + x**4/24 - 5*x**3/6 - x**2. Determine i(t).
7
Let p = -10 + 7. Let i(o) be the second derivative of o**5/20 + o**4/3 + o**3/6 - 2*o**2 + 71*o. Give i(p).
2
Let t(m) be the first derivative of -m**4/4 - 7*m**3/3 - 3*m**2 + 4*m - 15. Calculate t(-5).
-16
Let w(a) = a**3 + 7*a**2 - 6*a + 10. Let c be w(-8). Let j(q) = q**2 + 7*q + 5. Calculate j(c).
-1
Suppose 6*o - 3*o = 3. Let f(h) = 8*h**2 - h + 1. What is f(o)?
8
Let q = -1 - 1. Let i be q*(-3)/(-6)*-2. Let b(u) = u**2 - 2*u - 2*u**i - 2 + 3*u**2 + 2*u**3. Determine b(-2).
-6
Let k(s) = s - 4. Suppose -n - 3 = -m, m = n + 4*n + 15. Suppose m*i = -2*i + 6. Suppose r - 15 = -4*j + 4*r, 0 = j + i*r. Determine k(j).
-1
Let h(c) = -c**3 + 8*c**2 - 3*c - 4. Let w(a) = a**3 - 7*a**2 + 3*a + 3. Let o = -8 + 11. Let r(k) = o*h(k) + 4*w(k). Determine r(2).
-2
Suppose -4*g = -60 - 4. Let h be -1*g/4 + 0. Let r(x) = -x**3 - 3*x**2 + x - 3. Calculate r(h).
9
Let h(z) = z**2 + 5*z + 4. Let u = 3 - 0. Suppose 7*s - 8*s = u. Determine h(s).
-2
Let c = -3 - -8. Let l(a) = 4*a + 2. Let d(p) = 5*p**2 + 2*p - 2. Let b be d(1). Let t(k) = -2*k - 1. Let h(j) = b*t(j) + 3*l(j). Determine h(c).
11
Let m(r) be the first derivative of -r**4/4 + 4*r**3/3 - r**2 + 5*r + 1. Let i(c) = c**3 - 10*c**2 + 11*c - 6. Let g be i(9). Let y = g + -8. Calculate m(y).
-3
Let j(i) = 4*i + 5. Let x(q) = 2*q + 2. Let y(u) = -4*j(u) + 10*x(u). Determine y(-2).
-8
Let z(o) = 3*o**2 - 13*o**2 + 4 + 2*o**2 + 9*o**2. Determine z(-3).
13
Let i = 1 - 0. Let r(m) be the second derivative of -m**5/20 + m**4/6 - m**3/6 + m**2/2 + 4*m. Calculate r(i).
1
Let q(b) = 2*b**2 - b - 2. Suppose y - 4*y + 9 = 0. What is q(y)?
13
Let q be 4/(-2)*6/(-6). Let y(v) = v**2 - v - 2*v**2 + 3 - 6*v + q. Let f be y(-7). Let d(p) = -p + 12. Calculate d(f).
7
Let c(f) = 1 + 12*f + 6*f - 17*f. Calculate c(-8).
-7
Let q(u) = -u + 5. Let x be 4/10 - 120/50. Let t be (6/(-3))/(x/5). Give q(t).
0
Let g = 0 + 2. Let x(f) be the third derivative of g*f**2 - 1/60*f**5 - 3/2*f**3 + 1/24*f**4 + 0*f + 0. Give x(0).
-9
Let z(k) = k**2 - 18*k + 69. Let n be z(12). Let t(y) = -4 + 5 + 3*y - y**2 + 3*y**2. Give t(n).
10
Let l(y) be the first derivative of y**2/2 - 6*y - 3. Calculate l(5).
-1
Let u(h) = -2*h**3 - h**2 + h. Let t(x) = 9*x**3 + x**2 - 5*x + 5. Let f(c) = t(c) + 5*u(c). What is f(-4)?
5
Suppose 3*w = 5*t + 20 - 3, -w + 6 = -2*t. Let z(u) = 4*u**2 - 2*u**3 + u**3 + w - u**2 + 3*u. What is z(3)?
13
Let w(k) = k - 5. Let q be (-5)/20 - 1/(-4). Suppose q = -4*j + 2*j - 12. Calculate w(j).
-11
Let y(w) = -w + 3 - 7 - 11*w**2 + 1. Let k(c) = 5*c**2 + 1. Let o(a) = 13*k(a) + 6*y(a). What is o(-5)?
0
Let c(w) = w**2 - w + 3. Let p = 7 - 6. Suppose -2*a = -p - 3. Let r be ((-1)/(-2)*0)/a. What is c(r)?
3
Let n(m) = -2*m**3 - 6*m + 2 - 3*m**2 + 3*m**3 + m - m**2. What is n(5)?
2
Let l = 2 + 0. Let q(u) = 3*u - 6. Let x(r) = 8*r - 33. Let n(o) = -5*o + 22. Let j(w) = -7*n(w) - 5*x(w). Let c(f) = 4*j(f) + 7*q(f). Determine c(l).
4
Let r(p) be the third derivative of p**7/840 - p**5/120 + p**4/4 + p**3/6 + p**2. Let x(d) be the first derivative of r(d). Let g = 1 - 1. What is x(g)?
6
Let h(b) = 3*b - 6. Let k be h(2). Let j(q) = q**2 - q + 8. Give j(k).
8
Let k(v) = v**3 + v**2 + v - 2. Let w(c) = -3*c + 4. Let y be w(-3). Suppose 2*f - y = -5. Suppose -2*d = -4*d + f. What is k(d)?
12
Let v(g) be the second derivative of -23*g**4/12 + g**3/6 - 20*g. What is v(1)?
-22
Suppose -5*h - 5*o + 5 = 0, 0 = 2*h - 5*o + 5. Let v be 6/((h - 4) + 2). Let c(j) = 2*j - j + 2 + 0. Calculate c(v).
-1
Let u(b) = 2*b - 3. Suppose 4*a - 20 = -4. Suppose 19 = 5*v + a*c, 5*v - 12 = 6*c - 3*c. Suppose 0 = v*m - 5 - 7. Determine u(m).
5
Let v(f) = -2*f + 5. Let a(d) = 1. Let o(b) = -2*a(b) + v(b). Give o(2).
-1
Let q be (-27)/(-5) + 4/(-10). Let m = q - 2. Let d(p) = p**2 - 3*p + 2. What is d(m)?
2
Let z(m) be the first derivative of m**4/4 - 8*m**3/3 + 5*m**2/2 + 10*m + 2. Let v = 165 - 158. Calculate z(v).
-4
Let p(y) = 3*y**2 - 6*y - 3. Let g be p(3). Let d(c) = c**3 - 5*c**2 - 5*c + 5. Calculate d(g).
11
Let n(c) = -5*c**2 + 11*c + 8*c**3 - 6*c**2 - 13*c**3. Let d(h) = -4*h**3 - 10*h**2 + 10*h. Let w(i) = 6*d(i) - 5*n(i). Calculate w(4).
4
Let x(a) = 1 + 0*a - 3*a**2 - 2*a + 5*a**2 - a**3. Let k be x(2). Let w(z) = -5*z - 17. Let g(c) = -c - 4. Let t(l) = 9*g(l) - 2*w(l). Determine t(k).
-5
Let c be ((-2)/(-3))/((-6)/45). Let l(z) = z + 9. Let f(n) = 7*n - 4*n - 5*n - 17. Let g(u) = -2*f(u) - 5*l(u). Calculate g(c).
-6
Suppose 2*j + 1 = 7. Suppose -5*z = 3*r + 32, 0 = -5*z + j*r + 2*r. Let f(t) = -t**2 - 5*t + 5. Calculate f(z).
9
Let r(v) = -v**3 - 6*v**2 - 3*v - 9. Suppose o + 2 = -2*n, -o + 5*o = -2*n - 20. Give r(o).
9
Let k(v) = v**3 + 3*v**2 + 2*v - 5. Let u(l) = -l**2 + 1. Let c(x) = -k(x) - 5*u(x). Determine c(2).
-4
Let b(v) be the third derivative of -v**7/2520 - v**6/144 + v**5/120 - v**4/24 - 7*v**2. Let x(k) be the second derivative of b(k). Determine x(-4).
5
Let y(t) = -13*t**2 + 15. Let o be 3/(-2) + 5/(-10). Let i(v) = 3*v**2 - 4. Let h(k) = o*y(k) - 9*i(k). Give h(0).
6
Suppose -28*z = -23*z. Let c(g) be the third derivative of z*g - 1/24*g**4 + 0 + 2/3*g**3 + g**2. Determine c(0).
4
Let l(c) = 2*c**3 + 2*c - 17*c**3 - 3*c - 7*c**3. Calculate l(-1).
23
Suppose -h = 2*h + v - 8, -5*v + 8 = -h. Let s(d) = -3*d + 3*d**h + 0*d**2 + d**2 + 1 - 